
Evaluate -67 + 53 - (-25 + 0).
11
Calculate 10 - (-7 + 1 - (-24 + 10)).
2
What is the value of -33 + 16 - (2 + -28)?
9
Evaluate 4 + (1 - (4 + -1 - -24)) + 1.
-21
Evaluate 0 + (13 - -3 - (1 - (9 - 11))).
13
What is the value of -5 + (13 - (11 - (-12 + 14)))?
-1
Evaluate 14 + -37 + 44 + -24.
-3
Evaluate 26 + (-13 - (-16 + 9)) + -13.
7
Calculate -39 + -35 + 62 + -17.
-29
Evaluate 24 + (12 - 28) - -4.
12
Calculate 5 + (1 - 6) + (2 + -21 - -15).
-4
What is the value of 85 + -90 - (-1 - -4 - (33 + -5))?
20
Evaluate -47 + 50 + -6 + 0 - (13 + -11).
-5
What is the value of -41 - (-13 - (-21 + 29))?
-20
What is -14 - (1 + -6 + -1) - -7?
-1
What is the value of 12 - 60 - (62 - 81)?
-29
(-1 + 15 - 30) + 4
-12
What is (5 - 2) + 21 + -22 + -13?
-11
Evaluate 38 + (7 + -44 - -27).
28
What is the value of -8 + (1 - (-3 - -3)) - (1 - 30)?
22
Calculate (8 - 1) + -2 + -9 - (-2 + 3).
-5
What is the value of 0 - (-22 - (-3 - 4 - 6))?
9
Evaluate -12 - (38 - 43 - (0 - -1)) - 7.
-13
What is 14 + -16 + 1 - 0?
-1
Calculate -10 + 23 + -31 - -6.
-12
What is (-21 + 1 - 2) + (7 - 19) + 18?
-16
What is the value of -5 + (1 - 5) + 9 + -6 - 2?
-8
Calculate (-9 - -6) + 2 + -1 + 2.
0
Evaluate -9 - (-17 + (0 + 13 - 12)).
7
Evaluate (88 - (1 - -94)) + (-2 - (19 - 0)).
-28
(-13 - -36) + -24 + (-2 + 0 - -10)
7
-14 + (-28 + 61 - 44)
-25
(6 - 21 - (-12 - -2)) + 0 + 10
5
Calculate -13 + (-18 - -8) + 3 + -2 + 10.
-12
What is the value of 0 - -7 - (-56 + 139 - 62)?
-14
What is the value of 1 + -7 - (-4 + -10 + 9) - -8?
7
10 + (-4 - ((6 - 8 - 6) + 2))
12
Evaluate (4 - -2) + (-4 - 0) - 0.
2
17 - ((-3 - -9) + 4 + -3 - 1)
11
Evaluate (-57 - -57) + 2 + (7 - 1).
8
What is the value of 6 + 10 + (9 - 1) + -11?
13
What is -20 + -1 - (14 + -13) - (126 - 132)?
-16
What is the value of -1 - (1 + -2) - (60 - 65)?
5
-5 + (-2 - 0) + -2 - (-8 + -7)
6
What is -24 - (-1 - 3 - -6) - -12?
-14
Calculate (1 - 6) + -1 + (52 - (41 - -11)).
-6
Evaluate -1 + (3 - (5 + (-8 - (-15 - -8)))).
-2
Calculate 4 + -3 + -1 + -16.
-16
Calculate 2 - (-9 + (7 - (9 + 7)) + 19).
1
What is -7 + -1 + -3 + (12 - 2)?
-1
4 + -5 - ((-15 - -11) + -4)
7
What is -42 + 37 + (1 - 2) + (-1 - -7)?
0
What is (-8 - 2) + 2 + -4 + 7 - 12?
-17
What is 7 - (6 + (-5 - -2) + -3)?
7
Calculate (2 - -3) + (-2 - 4) + -7.
-8
Calculate 19 + -1 + (3 - (2 + -7 + 5)).
21
Calculate (-8 - -2) + -3 + -4 + 7 + 26.
20
Evaluate (-87 - -92) + 15 + -39.
-19
(-29 - 1 - (-67 - -41)) + 1 + 4
1
Evaluate (0 - 9) + (-3 - -4) + (26 - -22).
40
What is the value of (3024 - 2963) + (0 - 21)?
40
Calculate (3 - (-10 - -40)) + (4 - (1 + -4)).
-20
Calculate 31 - 45 - (-29 - -2).
13
What is the value of 9 - ((-2 - -3) + 5 - (40 + -32))?
11
Evaluate 6 - (0 - 5) - 19.
-8
Evaluate -1 - (6 + -14 + -1).
8
What is the value of (-3 - (4 - 17)) + -29 - -9?
-10
What is the value of -1 + 25 - (-682 - -694)?
12
What is (31 + -1 + 11 - 3 - 9) + -7?
22
Evaluate -61 + 57 - (-21 + 0).
17
-13 - -6 - (14 - (-13 - -7))
-27
Evaluate 3 + -8 + 7 + -2 + -4.
-4
What is (17 + -25 - 5) + -9?
-22
What is 1 + 2 - (-3 - (-7 + (3 - 11)))?
-9
Calculate (-20 - (-34 - -20)) + 1 + 18.
13
What is the value of -758 + 783 - (10 + 0)?
15
Calculate 1 - (10 - ((-2 - -4) + 8 - 4)).
-3
What is the value of -7 - (2 + -3) - (-32 - (-1 - 14))?
11
What is the value of 3 - ((8 - 0 - 9) + 0)?
4
Evaluate -4 - (-3 - (6 + -3)) - (5 - -4).
-7
What is (-40 - -70) + -1 + 7 + -15?
21
-5 + (20 - (10 + -11 + 9))
7
What is the value of -129 + 114 + (4 - 3) + (-1 - -6)?
-9
8 + 6 - (6 - (-5 + 12))
15
Evaluate -1 + 6 + 5 - 14.
-4
What is the value of 4 + (-17 - (6 + -11 - 2))?
-6
What is the value of (-70 - -66 - (-1 - -8)) + 6 - -10?
5
What is (-1 - (5 - 2)) + (-34 - -20) + 18?
0
What is the value of -20 - 1 - (124 + -125) - (4 - 8)?
-16
Calculate (-3 - (-4 + 0 + 0)) + -178 + 185.
8
-2 - (-14 + 17 - 8)
3
What is -11 + (36 - (9 + -7) - -3)?
26
What is the value of -20 + (3 - -10) + 3 + 5 + 1?
2
What is the value of (52 - 70) + (2 - -7)?
-9
What is -10 - (-17 - -19 - (-5 + 3 + 10))?
-4
(2 - 1 - (-11 - -15)) + 1
-2
What is the value of -3 + (7 - 13) + 7 + -2 + 6?
2
Calculate -7 - -3 - -26 - 17.
5
What is -18 - (34 - (58 + -13))?
-7
What is 6 + (-7 + 4 - -1)?
4
Calculate 1 - 8 - (-1 + -2 + (1 - 0)).
-5
-4 + 10 + 3 + -7
2
What is 5 + 16 + -29 + -4?
-12
-3 - ((1 - (-9 - -9)) + (2 - 2))
-4
What is the value of 8 + (-11 - -15 - 8) + 3 + 21?
28
Calculate (9 - (18 + -25)) + -32.
-16
What is 8 - (20 - 2 - (-19 + 23))?
-6
Evaluate 37 + -18 + -6 - (2 - 1).
12
9 - (-13 + 15 + (10 - -6))
-9
(3 - 12) + (1 + -5 - (-4 + 16))
-25
Evaluate (-32 - -36) + (6 - 4 - -4).
10
What is (-377 - -392) + 1 + -37?
-21
What is -17 - 2 - ((50 - 0) + -32)?
-37
What is -11 + (2 + -9 + -4 - (-3 + -1))?
-18
Calculate (-39 - 8 - -12) + 49.
14
26 - (69 + -33) - -45
35
Evaluate -2 - 7 - 6 - 0.
-15
-27 + -22 + 5 + 40
-4
-7 - (-11 + (-31 - -16))
19
What is the value of -3 + -2 - (25 + -27)?
-3
-6 + 13 + (-13 - -27) - (1 + 1)
19
16 + (-7 - 9) + 8 - -10
18
What is the value of 4 - (10 + 5) - (-1 + -7)?
-3
What is 9 + (12 + -23 - -18 - 5)?
11
Calculate 1 - (5 + -14 + (-4 - (6 + -13))).
7
Evaluate (-670 - -666) + (-1 - (-2 - -2)) + 25.
20
Calculate 3 + -1 + -3 - 1 - -2 - 8.
-8
242 - 222 - (0 + 9)
11
2 + -3 - (-1 - -3)
-3
What is the value of -6 - (9 - (4 - -2))?
-9
What is the value of (10 - 4) + (-20 - -5)?
-9
What is (25 - 31) + (1 - -18) - (-1 + 5)?
9
Calculate (-32 - -51) + 0 + -7 - (21 + -27).
18
What is -5 - (-3 - (-13 + -2)) - (-2 - 0)?
-15
-4 - -5 - (4 - 1) - (-4 + -2)
4
(-6 - (-3 - (10 - 3)) - 6) + 2
0
What is 36 + -8 + -18 - -1?
11
Evaluate (24 - (-7 + 16 + -1)) + -31.
-15
(-22 - 9 - -36) + (15 - -1)
21
Evaluate (2 - (-7 + 5) - 6) + (2 - 6).
-6
Evaluate -5 - (4 - 3) - (-9 + 6 - 3).
0
Evaluate -13 - (-16 + (-2 - -7)).
-2
Evaluate (190 - 199) + (3 - (-1 - -3)) - 12.
-20
What is the value of (-2 - -4 - 2) + -22 + (23 - 6)?
-5
What is the value of -2 - ((-10 - 9 - -1) + 9)?
7
What is (-28 - (-27 - -6)) + -6 + 1?
-12
What is 6 + 5 + -18 + 1 + -5?
-11
Calculate -2 - 3 - (3 + (5 - 0 - 2)).
-11
Evaluate 0 + 1 + (2 - 9) - (-15 + 12).
-3
Evaluate 37 + -36 - (1 + 2) - 23.
-25
-8 - (255 + -272 + -2 + 1 + 1)
9
Evaluate -3 + (-3 - -8 - (-11 - -17) - -13).
9
17 + -10 + -19 + 4
-8
What is the value of 14 + -1 + 0 + -9 + -4?
0
(-23 - (18 + -59)) + -16
2
What is (-194 - -200) + (-2 - 9)?
-5
Evaluate (-23 - 1 - -29) + 14 + -6.
13
-15 + 24 + -7 + -3 - 26
-27
What is the value of -8 - -18 - (-37 - -39)?
8
What is the value of 5 + (6 - -3 - (-10 - -31))?
-7
What is 8 + 1 + 2 + 2 + 5?
18
Calculate -6 - 0 - (-31 - (5 + (-12 - -12))).
30
What is the value of 8 + -9 + 8 + -7 + -2?
-2
-5 - (-6 + -7 + 6)
2
1 + 1 + (6 - -8 - 1)
15
Calculate 233 - 245 - (-1 - 4).
-7
-4 + -4 + 0 + (39 - 25)
6
Calculate 41 + (16 - 8) + -17 + -7.
25
What is the value of (23 + -1 + 0 - 2) + 64 + -60?
24
3 + -1 + -48 + (45 - 21)
-22
What is (4 + -21 - -29) + (12 + -3 - 3)?
18
25 - 13 - (-9 - -13)
8
Calculate (-7 - -2 - -10) + (-7 - (-3 + 1)).
0
Evaluate 11 + -29 + -5 + (2 - -2 - 5).
-24
What is the value of -4 - ((0 - -3) + 35 + -41) - -2?
1
Evaluate 44 + -96 - -59 - (-1 + (28 - -2)).
-22
What is -2 + (-66 + 59 - (0 + 3))?
-12
What is the value of 29 + -28 + -1 + (21 - -4)?
25
Calculate (-32 - -46) + (-6 - (-5 + 1 - -2)).
10
Calculate 41 + -43 + 15 - (40 - 1).
-26
What is the value of (3 - 0) + (-184 - -206)?
25
What is -221 - -220 - (-3 + 1 + 6)?
-5
What is (2 - -2) + -6 - -10 - (-21 - -22)?
7
Calculate 10 - ((60 - 60) + 7 + 0).
3
What is the value of 24 + (12 + -19 - -2 - -3)?
22
Evaluate 1 - -19 - (-131 + 143).
8
Calculate 6 + (3 - (-4 + 2 - -5)).
6
What is the value of -2 + -1 + 2 + -6 + (2 - -10)?
5
What is the value of 0 + 0 + 4 + (4 + -20 - -15)?
3
0 + 9 + -2 - ((3 - 9) + 11)
2
Evaluate 56 - 84 - (0 - 15).
-13
What is the value of (-24 + 26 - 14) + 4?
-8
Calculate 51 - (32 + (0 - 3)).
22
-27 + (12 - -7) + (-5 - 0)
-13
Calculate (4 - (-19 + 21)) + 4.
6
Evaluate -20 + 49 + -1 + -15.
13
Calculate -20 - (2 - (9 + 8)).
-5
-383 + 332 - (-1 + -7 - 2)
-41
Calculate (-7 - -1) + 23 + -3 + -18.
-4
Evaluate 2 + -4 + 2 + 3 + 0 - -1.
4
-10 - (4 + -1) - (3 - 9)
-7
7 + -3 + 13 - 11
6
What is the value of 17 + -16 - -21 - 35?
-13
What is (-5 - (4 - 0)) + -4 - (-1 - -3)?
-15
What is -15 + -4 - (-42 - (18 + -7))?
34
3 - 1 - 26 - (